 divide 44640?
True
Does 109 divide 4578?
True
Is 26 a factor of 1482?
True
Is 9 a factor of 704?
False
Does 15 divide 68415?
True
Is 4309 a multiple of 13?
False
Is 17 a factor of 710?
False
Is 110 a multiple of 11?
True
Is 6 a factor of 534?
True
Does 5 divide 39?
False
Is 4680 a multiple of 18?
True
Does 4 divide 6507?
False
Is 6 a factor of 415?
False
Is 4 a factor of 22123?
False
Is 2 a factor of 22953?
False
Is 28 a factor of 10432?
False
Is 14 a factor of 5810?
True
Is 40 a factor of 320?
True
Is 990 a multiple of 31?
False
Is 4992 a multiple of 78?
True
Does 157 divide 24271?
False
Does 36 divide 39672?
True
Is 75 a factor of 198?
False
Is 64 a factor of 559?
False
Does 5 divide 3085?
True
Does 48 divide 10080?
True
Is 52 a factor of 624?
True
Is 3 a factor of 13?
False
Is 17 a factor of 578?
True
Is 7 a factor of 6345?
False
Does 40 divide 1840?
True
Is 50 a factor of 50?
True
Is 372 a multiple of 31?
True
Is 2 a factor of 12939?
False
Is 68 a factor of 12517?
False
Is 5180 a multiple of 74?
True
Is 14 a factor of 719?
False
Does 3 divide 2144?
False
Does 50 divide 392?
False
Does 85 divide 510?
True
Is 14 a factor of 70935?
False
Is 13899 a multiple of 123?
True
Does 10 divide 1000?
True
Is 2 a factor of 324?
True
Does 19 divide 399?
True
Is 80 a factor of 897?
False
Does 90 divide 17820?
True
Does 9 divide 41454?
True
Does 14 divide 22104?
False
Is 42 a factor of 3625?
False
Is 8 a factor of 2687?
False
Is 27526 a multiple of 227?
False
Is 28 a factor of 28?
True
Is 13650 a multiple of 6?
True
Is 103225 a multiple of 25?
True
Does 67 divide 11457?
True
Does 5 divide 364?
False
Does 80 divide 1467?
False
Is 9099 a multiple of 208?
False
Does 165 divide 7260?
True
Does 50 divide 400?
True
Does 307 divide 22718?
True
Does 2 divide 25?
False
Is 906 a multiple of 10?
False
Is 13 a factor of 2445?
False
Is 58 a factor of 5293?
False
Is 6042 a multiple of 6?
True
Does 7 divide 67?
False
Does 36 divide 29376?
True
Is 11 a factor of 27247?
True
Is 13 a factor of 4060?
False
Is 32 a factor of 10048?
True
Is 6 a factor of 433?
False
Is 8 a factor of 13168?
True
Does 7 divide 3158?
False
Does 25 divide 5950?
True
Is 1255 a multiple of 16?
False
Does 12 divide 8201?
False
Does 22 divide 242?
True
Does 39 divide 6150?
False
Does 22 divide 22?
True
Is 812 a multiple of 28?
True
Does 25 divide 9750?
True
Is 122 a factor of 1193?
False
Is 20 a factor of 10030?
False
Is 24374 a multiple of 42?
False
Does 15 divide 8430?
True
Is 9660 a multiple of 20?
True
Is 12948 a multiple of 52?
True
Is 15 a factor of 5123?
False
Is 28 a factor of 924?
True
Does 35 divide 536?
False
Is 300 a multiple of 25?
True
Is 154 a factor of 7700?
True
Is 28685 a multiple of 22?
False
Does 29 divide 6066?
False
Does 36 divide 108?
True
Is 9430 a multiple of 10?
True
Is 36858 a multiple of 138?
False
Is 15 a factor of 19785?
True
Is 11675 a multiple of 92?
False
Does 20 divide 680?
True
Is 229 a multiple of 4?
False
Does 28 divide 4452?
True
Is 11 a factor of 1755?
False
Is 3 a factor of 155?
False
Is 70 a factor of 4098?
False
Does 388 divide 108789?
False
Is 3 a factor of 318?
True
Does 83 divide 733?
False
Is 102 a factor of 182?
False
Is 63655 a multiple of 29?
True
Is 1391 a multiple of 24?
False
Is 1995 a multiple of 21?
True
Does 35 divide 3366?
False
Is 813 a multiple of 8?
False
Does 107 divide 14750?
False
Is 8404 a multiple of 44?
True
Is 489 a multiple of 3?
True
Is 14229 a multiple of 51?
True
Is 4987 a multiple of 17?
False
Is 78 a factor of 2680?
False
Is 6 a factor of 1680?
True
Is 9 a factor of 234?
True
Is 59 a factor of 9440?
True
Does 22 divide 4309?
False
Does 16 divide 882?
False
Does 136 divide 41752?
True
Is 1859 a multiple of 5?
False
Is 13291 a multiple of 14?
False
Is 5 a factor of 21280?
True
Is 189 a multiple of 9?
True
Does 81 divide 8262?
True
Is 662 a multiple of 36?
False
Is 1280 a multiple of 8?
True
Does 68 divide 2639?
False
Does 71 divide 8875?
True
Does 3 divide 248?
False
Is 7 a factor of 55849?
False
Is 33829 a multiple of 17?
False
Is 3692 a multiple of 65?
False
Is 82384 a multiple of 271?
True
Is 108 a multiple of 18?
True
Is 86 a factor of 1139?
False
Is 88 a multiple of 22?
True
Is 5 a factor of 28880?
True
Is 28073 a multiple of 15?
False
Is 1044 a multiple of 29?
True
Does 3 divide 4813?
False
Does 6 divide 12109?
False
Does 3 divide 93?
True
Is 26042 a multiple of 29?
True
Is 5467 a multiple of 77?
True
Is 1191 a multiple of 18?
False
Is 7 a factor of 777?
True
Does 15 divide 8460?
True
Is 1155 a multiple of 21?
True
Is 2386 a multiple of 9?
False
Is 58968 a multiple of 273?
True
Is 95 a factor of 1330?
True
Is 5 a factor of 394?
False
Is 12555 a multiple of 9?
True
Does 19 divide 288?
False
Does 15 divide 9780?
True
Does 10 divide 879?
False
Is 27 a factor of 7803?
True
Is 39 a factor of 2578?
False
Is 5 a factor of 32275?
True
Is 2834 a multiple of 13?
True
Does 17 divide 1618?
False
Is 75 a factor of 23925?
True
Does 9 divide 359?
False
Does 72 divide 1224?
True
Is 21432 a multiple of 282?
True
Is 72 a factor of 960?
False
Does 2 divide 575?
False
Does 31 divide 35557?
True
Does 28 divide 448?
True
Does 170 divide 4175?
False
Is 86764 a multiple of 43?
False
Is 311 a factor of 20445?
False
Is 67913 a multiple of 113?
True
Does 9 divide 10427?
False
Is 137 a factor of 2984?
False
Is 5 a factor of 15637?
False
Does 11 divide 428?
False
Does 71 divide 10861?
False
Is 26 a factor of 259?
False
Is 13 a factor of 169?
True
Is 5967 a multiple of 27?
True
Is 18 a factor of 1358?
False
Is 8 a factor of 8708?
False
Does 15 divide 9195?
True
Is 51 a factor of 730?
False
Is 10 a factor of 12640?
True
Does 2 divide 331?
False
Does 12 divide 3648?
True
Does 53 divide 494?
False
Is 1098 a multiple of 18?
True
Is 324 a multiple of 10?
False
Does 4 divide 83?
False
Is 99 a factor of 134?
False
Is 9168 a multiple of 48?
True
Is 10183 a multiple of 13?
False
Is 3329 a multiple of 16?
False
Is 10296 a multiple of 11?
True
Does 14 divide 5614?
True
Does 3 divide 43?
False
Does 109 divide 1090?
True
Is 2 a factor of 130?
True
Is 3198 a multiple of 6?
True
Does 18 divide 1998?
True
Is 107749 a multiple of 19?
True
Is 893 a multiple of 24?
False
Is 435 a multiple of 14?
False
Is 264 a multiple of 264?
True
Is 4619 a multiple of 47?
False
Does 230 divide 23043?
False
Does 15 divide 375?
True
Is 5551 a multiple of 112?
False
Is 200 a multiple of 31?
False
Is 16 a factor of 3408?
True
Is 12 a factor of 1932?
True
Does 28 divide 728?
True
Is 521 a multiple of 18?
False
Does 19 divide 103?
False
Is 330 a multiple of 22?
True
Is 12 a factor of 426?
False
Is 126 a factor of 1764?
True
Does 36 divide 11304?
True
Is 18732 a multiple of 42?
True
Does 214 divide 12412?
True
Is 38 a factor of 4704?
False
Is 57 a factor of 1434?
False
Does 16 divide 12736?
True
Does 19 divide 10423?
False
Is 5248 a multiple of 164?
True
Does 108 divide 42978?
False
Is 14 a factor of 4223?
False
Is 1632 a multiple of 102?
True
Is 100 a factor of 144?
False
Does 42 divide 652?
False
Does 61 divide 7988?
False
Is 21844 a multiple of 313?
False
Is 3 a factor of 2267?
False
Is 168 a factor of 19152?
True
Does 272 divide 38258?
False
Is 5439 a multiple of 37?
True
Is 121 a multiple of 18?
False
Does 38 divide 6042?
True
Does 35 divide 12425?
True
Does 90 divide 630?
True
Does 45 divide 24251?
False
Does 13 divide 1183?
True
Is 41 a factor of 2903?
False
Is 10 a factor of 1466?
False
Is 18 a factor of 1039?
False
Does 16 divide 2186?
False
Does 10 divide 4865?
False
Does 55 divide 3190?
True
Is 14 a factor of 475?
False
Is 19335 a multiple of 52?
False
Does 2 divide 818?
True
Does 22 divide 4563?
False
Is 77 a factor of 24409?
True
Does 5 divide 2050?
True
Does 15 divide 43080?
True
Is 11781 a multiple of 17?
True
Is 1120 a multiple of 32?
True
Is 28 a factor of 32422?
False
Does 66 divide 2838?
True
Is 2080 a multiple of 16?
True
Is 6 a factor of 5152?
False
Is 1740 a multiple of 3?
True
Does 27 divide 4496?
False
Is 127 a factor of 17643?
False
Is 1815 a multiple of 7?
False
Does 12 divide 281?
False
Does 26 divide 18096?
True
Does 12 divide 325?
False
Does 13 divide 1027?
True
Does 11 divide 847?
True
Is 1006 a multiple of 3?
False
Is 675 a multiple of 67?
False
Does 230 divide